{"id":162,"date":"2022-02-10T00:09:54","date_gmt":"2022-02-09T21:09:54","guid":{"rendered":"https:\/\/saaremaa.edu.ee\/silmapiir\/?page_id=162"},"modified":"2025-12-19T10:01:25","modified_gmt":"2025-12-19T07:01:25","slug":"meist","status":"publish","type":"page","link":"https:\/\/saaremaa.edu.ee\/silmapiir\/meist\/","title":{"rendered":"Meist"},"content":{"rendered":"\n<h4 class=\"wp-block-heading has-text-align-center\" id=\"silmapiir-on-saaremaa-gumnaasiumi-veebivaljaanne\">Silmapiir on Saaremaa G\u00fcmnaasiumi veebiv\u00e4ljaanne.<\/h4>\n\n\n<div class=\"wp-block-image\">\n<figure class=\"aligncenter size-large is-resized\"><img loading=\"lazy\" decoding=\"async\" width=\"1024\" height=\"768\" src=\"https:\/\/saaremaa.edu.ee\/silmapiir\/wp-content\/uploads\/2025\/12\/DSC_8772_meediatiim_1520-1-1024x768.jpg\" alt=\"\" class=\"wp-image-1852\" style=\"width:515px;height:auto\" srcset=\"https:\/\/saaremaa.edu.ee\/silmapiir\/wp-content\/uploads\/2025\/12\/DSC_8772_meediatiim_1520-1-1024x768.jpg 1024w, https:\/\/saaremaa.edu.ee\/silmapiir\/wp-content\/uploads\/2025\/12\/DSC_8772_meediatiim_1520-1-300x225.jpg 300w, https:\/\/saaremaa.edu.ee\/silmapiir\/wp-content\/uploads\/2025\/12\/DSC_8772_meediatiim_1520-1-768x576.jpg 768w, https:\/\/saaremaa.edu.ee\/silmapiir\/wp-content\/uploads\/2025\/12\/DSC_8772_meediatiim_1520-1-1536x1152.jpg 1536w, https:\/\/saaremaa.edu.ee\/silmapiir\/wp-content\/uploads\/2025\/12\/DSC_8772_meediatiim_1520-1-2048x1536.jpg 2048w, https:\/\/saaremaa.edu.ee\/silmapiir\/wp-content\/uploads\/2025\/12\/DSC_8772_meediatiim_1520-1-1200x900.jpg 1200w, https:\/\/saaremaa.edu.ee\/silmapiir\/wp-content\/uploads\/2025\/12\/DSC_8772_meediatiim_1520-1-1980x1485.jpg 1980w\" sizes=\"auto, (max-width: 1024px) 100vw, 1024px\" \/><figcaption class=\"wp-element-caption\">Saaremaa G\u00fcmnaasiumi meediatiim 2025\/26 (puudub Emma-Liisa Nellis)<\/figcaption><\/figure>\n<\/div>\n\n\n<div class=\"wp-block-columns is-layout-flex wp-container-core-columns-is-layout-9d6595d7 wp-block-columns-is-layout-flex\">\n<div class=\"wp-block-column is-layout-flow wp-block-column-is-layout-flow\">\n<p class=\"has-text-align-center\"><strong>Toimetus 2025\/2026:<\/strong><br>Adeele Arikas<br>Alice J\u00fcrisson<br>K\u00e4trin Tamira Kanem\u00e4gi<br>Keiko Kosk<br>Olger Hannes Mets<br>Emma-Liisa Nellis<br>Teele Ojamets<br>Pilleriin Pohlak<br>Alex P\u00e4rnoja<br>Ann Marii Saar<br>Liisa Sall<br>Merit Soe<br>Aleksandra Vahter<\/p>\n\n\n\n<p class=\"has-text-align-center\"><strong>Toimetus 2024\/2025:<\/strong><br>Karoli Harjus<br>Marilyn Lempu<br>Marleen Karelson<br>Simona Kessel<br>Merili Haak<br>Karolina Lepik<br>Birgit Andreas<br>Carola Raud<br>Jette Berens<br>K\u00e4trin Tamira Kanem\u00e4gi<br>Karl Markus Kallas<\/p>\n\n\n\n<p class=\"has-text-align-center\"><strong>Toimetus 2023\/2024:<\/strong><br>G3 kommunikatsiooni suunamooduli \u00f5pilased<\/p>\n\n\n\n<p class=\"has-text-align-center\"><strong>Toimetus 2022\/2023:<\/strong><br>Margarita Vaha<br>Raina Kolk<br>Marleen Karelson<br>Henry H\u00e4rm<br>Melani Veelaid<br>Birgit Keerd<br>Oliver Oolup<\/p>\n\n\n\n<p class=\"has-text-align-center\"><strong>Toimetus 2021\/2022:<\/strong><br>Melani Veelaid <br>K\u00e4ti Saar <br>Raina Kolk <br>Margarita Vaha <br>Cariina Latkin <br>Daniel K\u00f5iv<\/p>\n\n\n\n<figure class=\"wp-block-image size-large is-style-default\"><img loading=\"lazy\" decoding=\"async\" width=\"1024\" height=\"683\" src=\"https:\/\/saaremaa.edu.ee\/silmapiir\/wp-content\/uploads\/2022\/02\/271846893_464230665218061_328878846817865074_n-1-1024x683.jpg\" alt=\"\" class=\"wp-image-46\" srcset=\"https:\/\/saaremaa.edu.ee\/silmapiir\/wp-content\/uploads\/2022\/02\/271846893_464230665218061_328878846817865074_n-1-1024x683.jpg 1024w, https:\/\/saaremaa.edu.ee\/silmapiir\/wp-content\/uploads\/2022\/02\/271846893_464230665218061_328878846817865074_n-1-300x200.jpg 300w, https:\/\/saaremaa.edu.ee\/silmapiir\/wp-content\/uploads\/2022\/02\/271846893_464230665218061_328878846817865074_n-1-768x512.jpg 768w, https:\/\/saaremaa.edu.ee\/silmapiir\/wp-content\/uploads\/2022\/02\/271846893_464230665218061_328878846817865074_n-1-1536x1024.jpg 1536w, https:\/\/saaremaa.edu.ee\/silmapiir\/wp-content\/uploads\/2022\/02\/271846893_464230665218061_328878846817865074_n-1-1200x800.jpg 1200w, https:\/\/saaremaa.edu.ee\/silmapiir\/wp-content\/uploads\/2022\/02\/271846893_464230665218061_328878846817865074_n-1-1980x1320.jpg 1980w, https:\/\/saaremaa.edu.ee\/silmapiir\/wp-content\/uploads\/2022\/02\/271846893_464230665218061_328878846817865074_n-1.jpg 2048w\" sizes=\"auto, (max-width: 1024px) 100vw, 1024px\" \/><\/figure>\n<\/div>\n\n\n\n<div class=\"wp-block-column is-layout-flow wp-block-column-is-layout-flow\">\n<p class=\"has-text-align-center\">Juhendaja 2024-&#8230;:<br>Merilyn Lempu<\/p>\n\n\n\n<p class=\"has-text-align-center\">Juhendaja 2021-2024:<br>Raul Vinni<\/p>\n<\/div>\n<\/div>\n","protected":false},"excerpt":{"rendered":"<p>Silmapiir on Saaremaa G\u00fcmnaasiumi veebiv\u00e4ljaanne. Toimetus 2025\/2026:Adeele ArikasAlice J\u00fcrissonK\u00e4trin Tamira Kanem\u00e4giKeiko KoskOlger Hannes MetsEmma-Liisa NellisTeele OjametsPilleriin PohlakAlex P\u00e4rnojaAnn Marii SaarLiisa SallMerit SoeAleksandra Vahter Toimetus 2024\/2025:Karoli HarjusMarilyn LempuMarleen KarelsonSimona KesselMerili HaakKarolina LepikBirgit AndreasCarola RaudJette BerensK\u00e4trin Tamira Kanem\u00e4giKarl Markus Kallas Toimetus 2023\/2024:G3 kommunikatsiooni suunamooduli \u00f5pilased Toimetus 2022\/2023:Margarita VahaRaina KolkMarleen KarelsonHenry H\u00e4rmMelani VeelaidBirgit KeerdOliver Oolup Toimetus 2021\/2022:Melani Veelaid [&hellip;]<\/p>\n","protected":false},"author":1,"featured_media":0,"parent":0,"menu_order":0,"comment_status":"closed","ping_status":"closed","template":"templates\/template-full-width.php","meta":{"footnotes":""},"class_list":["post-162","page","type-page","status-publish","hentry"],"yoast_head":"<!-- This site is optimized with the Yoast SEO plugin v27.3 - https:\/\/yoast.com\/product\/yoast-seo-wordpress\/ -->\n<title>Meist - Silmapiir<\/title>\n<meta name=\"description\" content=\"Silmapiir on Saaremaa g\u00fcmnaasiumi veebiv\u00e4ljaanne.\" \/>\n<meta name=\"robots\" content=\"index, follow, max-snippet:-1, max-image-preview:large, max-video-preview:-1\" \/>\n<link rel=\"canonical\" href=\"https:\/\/saaremaa.edu.ee\/silmapiir\/meist\/\" \/>\n<meta property=\"og:locale\" content=\"et_EE\" \/>\n<meta property=\"og:type\" content=\"article\" \/>\n<meta property=\"og:title\" content=\"Meist - Silmapiir\" \/>\n<meta property=\"og:description\" content=\"Silmapiir on Saaremaa g\u00fcmnaasiumi veebiv\u00e4ljaanne.\" \/>\n<meta property=\"og:url\" content=\"https:\/\/saaremaa.edu.ee\/silmapiir\/meist\/\" \/>\n<meta property=\"og:site_name\" content=\"Silmapiir\" \/>\n<meta property=\"article:modified_time\" content=\"2025-12-19T07:01:25+00:00\" \/>\n<meta property=\"og:image\" content=\"https:\/\/saaremaa.edu.ee\/silmapiir\/wp-content\/uploads\/2025\/12\/DSC_8772_meediatiim_1520-1.jpg\" \/>\n\t<meta property=\"og:image:width\" content=\"2105\" \/>\n\t<meta property=\"og:image:height\" content=\"1579\" \/>\n\t<meta property=\"og:image:type\" content=\"image\/jpeg\" \/>\n<meta name=\"twitter:card\" content=\"summary_large_image\" \/>\n<meta name=\"twitter:label1\" content=\"Est. reading time\" \/>\n\t<meta name=\"twitter:data1\" content=\"2 minutit\" \/>\n<script type=\"application\/ld+json\" class=\"yoast-schema-graph\">{\"@context\":\"https:\\\/\\\/schema.org\",\"@graph\":[{\"@type\":\"WebPage\",\"@id\":\"https:\\\/\\\/saaremaa.edu.ee\\\/silmapiir\\\/meist\\\/\",\"url\":\"https:\\\/\\\/saaremaa.edu.ee\\\/silmapiir\\\/meist\\\/\",\"name\":\"Meist - Silmapiir\",\"isPartOf\":{\"@id\":\"https:\\\/\\\/saaremaa.edu.ee\\\/silmapiir\\\/#website\"},\"primaryImageOfPage\":{\"@id\":\"https:\\\/\\\/saaremaa.edu.ee\\\/silmapiir\\\/meist\\\/#primaryimage\"},\"image\":{\"@id\":\"https:\\\/\\\/saaremaa.edu.ee\\\/silmapiir\\\/meist\\\/#primaryimage\"},\"thumbnailUrl\":\"https:\\\/\\\/saaremaa.edu.ee\\\/silmapiir\\\/wp-content\\\/uploads\\\/2025\\\/12\\\/DSC_8772_meediatiim_1520-1-1024x768.jpg\",\"datePublished\":\"2022-02-09T21:09:54+00:00\",\"dateModified\":\"2025-12-19T07:01:25+00:00\",\"description\":\"Silmapiir on Saaremaa g\u00fcmnaasiumi veebiv\u00e4ljaanne.\",\"breadcrumb\":{\"@id\":\"https:\\\/\\\/saaremaa.edu.ee\\\/silmapiir\\\/meist\\\/#breadcrumb\"},\"inLanguage\":\"et\",\"potentialAction\":[{\"@type\":\"ReadAction\",\"target\":[\"https:\\\/\\\/saaremaa.edu.ee\\\/silmapiir\\\/meist\\\/\"]}]},{\"@type\":\"ImageObject\",\"inLanguage\":\"et\",\"@id\":\"https:\\\/\\\/saaremaa.edu.ee\\\/silmapiir\\\/meist\\\/#primaryimage\",\"url\":\"https:\\\/\\\/saaremaa.edu.ee\\\/silmapiir\\\/wp-content\\\/uploads\\\/2025\\\/12\\\/DSC_8772_meediatiim_1520-1.jpg\",\"contentUrl\":\"https:\\\/\\\/saaremaa.edu.ee\\\/silmapiir\\\/wp-content\\\/uploads\\\/2025\\\/12\\\/DSC_8772_meediatiim_1520-1.jpg\",\"width\":2105,\"height\":1579},{\"@type\":\"BreadcrumbList\",\"@id\":\"https:\\\/\\\/saaremaa.edu.ee\\\/silmapiir\\\/meist\\\/#breadcrumb\",\"itemListElement\":[{\"@type\":\"ListItem\",\"position\":1,\"name\":\"Koduleht\",\"item\":\"https:\\\/\\\/saaremaa.edu.ee\\\/silmapiir\\\/\"},{\"@type\":\"ListItem\",\"position\":2,\"name\":\"Meist\"}]},{\"@type\":\"WebSite\",\"@id\":\"https:\\\/\\\/saaremaa.edu.ee\\\/silmapiir\\\/#website\",\"url\":\"https:\\\/\\\/saaremaa.edu.ee\\\/silmapiir\\\/\",\"name\":\"Silmapiir\",\"description\":\"Saaremaa G\u00fcmnaasiumi veebiv\u00e4ljaanne\",\"publisher\":{\"@id\":\"https:\\\/\\\/saaremaa.edu.ee\\\/silmapiir\\\/#organization\"},\"potentialAction\":[{\"@type\":\"SearchAction\",\"target\":{\"@type\":\"EntryPoint\",\"urlTemplate\":\"https:\\\/\\\/saaremaa.edu.ee\\\/silmapiir\\\/?s={search_term_string}\"},\"query-input\":{\"@type\":\"PropertyValueSpecification\",\"valueRequired\":true,\"valueName\":\"search_term_string\"}}],\"inLanguage\":\"et\"},{\"@type\":\"Organization\",\"@id\":\"https:\\\/\\\/saaremaa.edu.ee\\\/silmapiir\\\/#organization\",\"name\":\"Silmapiir\",\"url\":\"https:\\\/\\\/saaremaa.edu.ee\\\/silmapiir\\\/\",\"logo\":{\"@type\":\"ImageObject\",\"inLanguage\":\"et\",\"@id\":\"https:\\\/\\\/saaremaa.edu.ee\\\/silmapiir\\\/#\\\/schema\\\/logo\\\/image\\\/\",\"url\":\"https:\\\/\\\/saaremaa.edu.ee\\\/silmapiir\\\/wp-content\\\/uploads\\\/2022\\\/02\\\/Frame-13.jpg\",\"contentUrl\":\"https:\\\/\\\/saaremaa.edu.ee\\\/silmapiir\\\/wp-content\\\/uploads\\\/2022\\\/02\\\/Frame-13.jpg\",\"width\":1680,\"height\":900,\"caption\":\"Silmapiir\"},\"image\":{\"@id\":\"https:\\\/\\\/saaremaa.edu.ee\\\/silmapiir\\\/#\\\/schema\\\/logo\\\/image\\\/\"}}]}<\/script>\n<!-- \/ Yoast SEO plugin. -->","yoast_head_json":{"title":"Meist - Silmapiir","description":"Silmapiir on Saaremaa g\u00fcmnaasiumi veebiv\u00e4ljaanne.","robots":{"index":"index","follow":"follow","max-snippet":"max-snippet:-1","max-image-preview":"max-image-preview:large","max-video-preview":"max-video-preview:-1"},"canonical":"https:\/\/saaremaa.edu.ee\/silmapiir\/meist\/","og_locale":"et_EE","og_type":"article","og_title":"Meist - Silmapiir","og_description":"Silmapiir on Saaremaa g\u00fcmnaasiumi veebiv\u00e4ljaanne.","og_url":"https:\/\/saaremaa.edu.ee\/silmapiir\/meist\/","og_site_name":"Silmapiir","article_modified_time":"2025-12-19T07:01:25+00:00","og_image":[{"width":2105,"height":1579,"url":"https:\/\/saaremaa.edu.ee\/silmapiir\/wp-content\/uploads\/2025\/12\/DSC_8772_meediatiim_1520-1.jpg","type":"image\/jpeg"}],"twitter_card":"summary_large_image","twitter_misc":{"Est. reading time":"2 minutit"},"schema":{"@context":"https:\/\/schema.org","@graph":[{"@type":"WebPage","@id":"https:\/\/saaremaa.edu.ee\/silmapiir\/meist\/","url":"https:\/\/saaremaa.edu.ee\/silmapiir\/meist\/","name":"Meist - Silmapiir","isPartOf":{"@id":"https:\/\/saaremaa.edu.ee\/silmapiir\/#website"},"primaryImageOfPage":{"@id":"https:\/\/saaremaa.edu.ee\/silmapiir\/meist\/#primaryimage"},"image":{"@id":"https:\/\/saaremaa.edu.ee\/silmapiir\/meist\/#primaryimage"},"thumbnailUrl":"https:\/\/saaremaa.edu.ee\/silmapiir\/wp-content\/uploads\/2025\/12\/DSC_8772_meediatiim_1520-1-1024x768.jpg","datePublished":"2022-02-09T21:09:54+00:00","dateModified":"2025-12-19T07:01:25+00:00","description":"Silmapiir on Saaremaa g\u00fcmnaasiumi veebiv\u00e4ljaanne.","breadcrumb":{"@id":"https:\/\/saaremaa.edu.ee\/silmapiir\/meist\/#breadcrumb"},"inLanguage":"et","potentialAction":[{"@type":"ReadAction","target":["https:\/\/saaremaa.edu.ee\/silmapiir\/meist\/"]}]},{"@type":"ImageObject","inLanguage":"et","@id":"https:\/\/saaremaa.edu.ee\/silmapiir\/meist\/#primaryimage","url":"https:\/\/saaremaa.edu.ee\/silmapiir\/wp-content\/uploads\/2025\/12\/DSC_8772_meediatiim_1520-1.jpg","contentUrl":"https:\/\/saaremaa.edu.ee\/silmapiir\/wp-content\/uploads\/2025\/12\/DSC_8772_meediatiim_1520-1.jpg","width":2105,"height":1579},{"@type":"BreadcrumbList","@id":"https:\/\/saaremaa.edu.ee\/silmapiir\/meist\/#breadcrumb","itemListElement":[{"@type":"ListItem","position":1,"name":"Koduleht","item":"https:\/\/saaremaa.edu.ee\/silmapiir\/"},{"@type":"ListItem","position":2,"name":"Meist"}]},{"@type":"WebSite","@id":"https:\/\/saaremaa.edu.ee\/silmapiir\/#website","url":"https:\/\/saaremaa.edu.ee\/silmapiir\/","name":"Silmapiir","description":"Saaremaa G\u00fcmnaasiumi veebiv\u00e4ljaanne","publisher":{"@id":"https:\/\/saaremaa.edu.ee\/silmapiir\/#organization"},"potentialAction":[{"@type":"SearchAction","target":{"@type":"EntryPoint","urlTemplate":"https:\/\/saaremaa.edu.ee\/silmapiir\/?s={search_term_string}"},"query-input":{"@type":"PropertyValueSpecification","valueRequired":true,"valueName":"search_term_string"}}],"inLanguage":"et"},{"@type":"Organization","@id":"https:\/\/saaremaa.edu.ee\/silmapiir\/#organization","name":"Silmapiir","url":"https:\/\/saaremaa.edu.ee\/silmapiir\/","logo":{"@type":"ImageObject","inLanguage":"et","@id":"https:\/\/saaremaa.edu.ee\/silmapiir\/#\/schema\/logo\/image\/","url":"https:\/\/saaremaa.edu.ee\/silmapiir\/wp-content\/uploads\/2022\/02\/Frame-13.jpg","contentUrl":"https:\/\/saaremaa.edu.ee\/silmapiir\/wp-content\/uploads\/2022\/02\/Frame-13.jpg","width":1680,"height":900,"caption":"Silmapiir"},"image":{"@id":"https:\/\/saaremaa.edu.ee\/silmapiir\/#\/schema\/logo\/image\/"}}]}},"_links":{"self":[{"href":"https:\/\/saaremaa.edu.ee\/silmapiir\/wp-json\/wp\/v2\/pages\/162","targetHints":{"allow":["GET"]}}],"collection":[{"href":"https:\/\/saaremaa.edu.ee\/silmapiir\/wp-json\/wp\/v2\/pages"}],"about":[{"href":"https:\/\/saaremaa.edu.ee\/silmapiir\/wp-json\/wp\/v2\/types\/page"}],"author":[{"embeddable":true,"href":"https:\/\/saaremaa.edu.ee\/silmapiir\/wp-json\/wp\/v2\/users\/1"}],"replies":[{"embeddable":true,"href":"https:\/\/saaremaa.edu.ee\/silmapiir\/wp-json\/wp\/v2\/comments?post=162"}],"version-history":[{"count":23,"href":"https:\/\/saaremaa.edu.ee\/silmapiir\/wp-json\/wp\/v2\/pages\/162\/revisions"}],"predecessor-version":[{"id":1858,"href":"https:\/\/saaremaa.edu.ee\/silmapiir\/wp-json\/wp\/v2\/pages\/162\/revisions\/1858"}],"wp:attachment":[{"href":"https:\/\/saaremaa.edu.ee\/silmapiir\/wp-json\/wp\/v2\/media?parent=162"}],"curies":[{"name":"wp","href":"https:\/\/api.w.org\/{rel}","templated":true}]}}